ase 16?
-8b3
What is -10010110010 (base 2) in base 12?
-842
Convert 5323 (base 9) to base 5.
111114
161632 (base 7) to base 14
b889
Convert 1d7c0 (base 14) to base 15.
1761d
What is -7a (base 13) in base 15?
-6b
Convert 27da (base 14) to base 13.
3296
What is -102110022 (base 3) in base 13?
-3a55
Convert 121331 (base 4) to base 16.
67d
What is -1d1 (base 16) in base 4?
-13101
Convert -22122011 (base 3) to base 4.
-1202113
-1743 (base 10) to base 6
-12023
-631 (base 10) to base 4
-21313
-13130232 (base 4) to base 3
-1112212000
Convert 30333 (base 4) to base 14.
435
Convert -a78 (base 11) to base 4.
-110033
-40717 (base 11) to base 9
-100462
-bea3 (base 15) to base 12
-1b490
-220222 (base 3) to base 11
-563
2230040 (base 5) to base 9
60032
What is -5b0c (base 13) in base 5?
-402411
What is 2067 (base 14) in base 2?
1010111001011
What is 143325 (base 7) in base 11?
19817
Convert -1001310 (base 4) to base 11.
-318a
What is 5431 (base 6) in base 3?
1201001
Convert 120010222 (base 3) to base 8.
25442
106787 (base 9) to base 15
13eb4
Convert 723 (base 8) to base 7.
1235
Convert -347 (base 8) to base 14.
-127
What is -365 (base 9) in base 16?
-12e
Convert -1403444 (base 5) to base 12.
-14694
Convert 15738 (base 9) to base 12.
6308
What is -47e (base 16) in base 10?
-1150
What is 201332 (base 4) in base 15?
99e
-234420 (base 5) to base 16
-221f
Convert 2450 (base 6) to base 15.
2a6
Convert -250144 (base 6) to base 8.
-53120
-43747 (base 9) to base 5
-1412131
202000211 (base 3) to base 12
854a
-101020000 (base 3) to base 14
-2a04
Convert 1220201 (base 3) to base 4.
111310
What is 14a4 (base 12) in base 4?
211330
1120211 (base 3) to base 14
5c8
What is 366 (base 14) in base 12?
486
Convert 14894 (base 10) to base 14.
55dc
426 (base 16) to base 14
55c
Convert 2230 (base 5) to base 15.
160
Convert -143042 (base 7) to base 15.
-8215
Convert 508 (base 9) to base 5.
3123
-10023321 (base 4) to base 12
-9b09
What is 3a71 (base 11) in base 5?
132111
22011 (base 3) to base 15
ea
-321110 (base 4) to base 14
-14a0
-101000 (base 4) to base 7
-3113
Convert -308 (base 9) to base 3.
-100022
Convert 33210 (base 4) to base 2.
1111100100
What is 4b4 (base 14) in base 5?
12232
Convert 14433 (base 5) to base 10.
1243
Convert 24233 (base 5) to base 6.
12230
Convert -21262 (base 8) to base 15.
-2972
2241 (base 16) to base 7
34365
245 (base 13) to base 3
112122
2a4d (base 14) to base 2
1110101011101
Convert -355546 (base 7) to base 13.
-23425
What is 19ac (base 14) in base 3?
20101121
What is -140530 (base 6) in base 13?
-5cb2
2301301 (base 4) to base 16
2c71
722 (base 8) to base 3
122021
-668 (base 10) to base 13
-3c5
-3967 (base 13) to base 5
-230242
Convert -1131 (base 8) to base 15.
-2a1
211111 (base 3) to base 12
427
Convert -122101110 (base 3) to base 7.
-51645
What is -1020 (base 7) in base 6?
-1353
What is 40111 (base 5) in base 16?
9e3
What is -232 (base 10) in base 13?
-14b
What is -242 (base 6) in base 10?
-98
Convert 12325 (base 7) to base 8.
6265
Convert 1881 (base 15) to base 12.
3094
-30da (base 15) to base 2
-10100001011010
What is -100010110111111 (base 2) in base 3?
-220111022
426516 (base 7) to base 14
1d146
What is 440 (base 8) in base 11?
242
Convert -103c (base 14) to base 6.
-20542
Convert 130430 (base 7) to base 8.
57243
110001111010 (base 2) to base 3
11101022
292 (base 16) to base 12
46a
91d1 (base 14) to base 13
b54b
Convert -63b (base 15) to base 4.
-111332
Convert -101010010100 (base 2) to base 10.
-2708
Convert 122200011 (base 3) to base 6.
135351
1012 (base 7) to base 8
540
-5234 (base 14) to base 9
-21371
What is 100a (base 13) in base 4?
202133
What is 3530 (base 10) in base 6?
24202
Convert -110100110111000 (base 2) to base 14.
-9c12
5510 (base 8) to base 12
1808
Convert -115434 (base 8) to base 6.
-503500
5215 (base 9) to base 13
197c
-346 (base 9) to base 2
-100011101
134045 (base 6) to base 3
122020002
Convert -4311 (base 8) to base 12.
-1375
11101303 (base 4) to base 9
32581
Convert -433 (base 10) to base 9.
-531
Convert -1a3 (base 15) to base 10.
-378
1276 (base 16) to base 9
6431
-115223 (base 6) to base 10
-10239
What is -112220 (base 3) in base 14?
-20a
Convert -32053 (base 6) to base 14.
-182d
-1a80 (base 11) to base 6
-20101
What is 2403011 (base 5) in base 10?
44131
1022 (base 6) to base 9
275
What is -24023 (base 5) in base 6?
-12055
-1130110 (base 5) to base 6
-235343
What is 7068 (base 9) in base 11?
3976
Convert -1534 (base 6) to base 2.
-110100010
What is b (base 15) in base 8?
13
What is 1000110011 (base 2) in base 13?
344
Convert -6151 (base 10) to base 14.
-2355
Convert 2260 (base 10) to base 9.
3081
Convert -401 (base 6) to base 7.
-265
What is -11300 (base 9) in base 6?
-54513
What is 16877 (base 9) in base 8?
26605
Convert -2357 (base 8) to base 6.
-5503
121121110 (base 3) to base 13
5685
What is -23230 (base 5) in base 8?
-3232
Convert -4233 (base 8) to base 5.
-32303
-2066 (base 8) to base 3
-1110221
What is -211121 (base 3) in base 2?
-1001100010
What is -1568 (base 11) in base 9?
-2673
Convert -4234 (base 5) to base 12.
-3b5
4023 (base 9) to base 14
10db
What is a25 (base 15) in base 6?
14325
Convert 2232210 (base 4) to base 15.
349c
111413 (base 8) to base 12
1994b
What is -17560 (base 8) in base 13?
-3881
2342 (base 6) to base 2
1000110110
-7308 (base 11) to base 4
-2113120
-928 (base 13) to base 5
-22210
Convert dbd (base 15) to base 5.
44403
-71dc (base 14) to base 7
-111065
What is -1c1 (base 14) in base 11?
-302
-675 (base 12) to base 6
-4225
1345 (base 8) to base 9
1013
49a3 (base 14) to base 7
52363
What is -1020201022 (base 3) in base 6?
-305442
Convert 131000 (base 4) to base 6.
12332
-28 (base 11) to base 9
-33
Convert -155 (base 12) to base 6.
-545
Convert 373 (base 10) to base 12.
271
What is 3d4 (base 14) in base 4?
30012
What is 6360 (base 7) in base 9?
3066
Convert -b5 (base 12) to base 7.
-254
What is 1022002 (base 3) in base 6?
4215
Convert 1381 (base 13) to base 5.
42214
-308 (base 12) to base 15
-1e5
-615 (base 15) to base 12
-962
322223 (base 4) to base 15
11a5
Convert 54e (base 15) to base 12.
83b
804 (base 11) to base 7
2556
Convert -101101121 (base 3) to base 7.
-31042
Convert -3a7 (base 12) to base 13.
-340
-2fc5 (base 16) to base 6
-132341
-e68c (base 16) to base 9
-88857
Convert 1001010111 (base 2) to base 16.
257
-865 (base 16) to base 12
-12b1
Convert -101001100000 (base 2) to base 12.
-1654
20 (base 9) to base 3
200
What is 198 (base 12) in base 4?
10010
Convert 10206 (base 9) to base 7.
25422
-1746 (base 12) to base 5
-42130
What is 210 (base 6) in base 2?
1001110
Convert -21595 (base 10) to base 15.
-65ea
22763 (base 9) to base 16
3b64
Convert -1ba2 (base 12) to base 5.
-102214
ca71 (base 13) to base 3
1102121110
What is -110000101 (base 2) in base 4?
-12011
-a849 (base 15) to base 9
-53766
1040 (base 15) to base 5
102220
Convert -21334 (base 5) to base 15.
-67e
What is -340104 (base 6) in base 2?
-110111110001000
What is 613 (base 15) in base 11?
1034
-32378 (base 10) to base 11
-22365
What is -101122 (base 3) in base 11?
-241
Convert 1355 (base 10) to base 15.
605
221104 (base 7) to base 12
1a564
121123 (base 4) to base 14
843
1366 (base 14) to base 3
11200202
-124635 (base 7) to base 2
-101101100000101
Convert 497 (base 10) to base 3.
200102
233 (base 11) to base 12
1b2
-46310 (base 8) to base 12
-b460
Convert -5066 (base 8) to base 4.
-220312
What is -3475 (base 9) in base 14?
-d23
Convert -1020 (base 5) to base 10.
-135
Convert 2468 (base 12) to base 15.
1342
Convert 3132132 (base 4) to base 13.
6633
5ab (base 14) to base 12
7a3
Convert 4698 (base 10) to base 12.
2876
What is -867d (base 15) in base 16?
-6f34
Convert -17a77 (base 11) to base 12.
-12744
-47242 (base 8) to base 2
-100111010100010
22210100 (base 3) to base 6
45400
Convert -20c (base 16) to base 4.
-20030
-1bb (base 12) to base 8
-437
430 (base 10) to base 13
271
What is 37162 (base 9) in base 5?
1244143
Convert -11222 (base 3) to base 10.
-134
33204 (base 11) to base 16
bc22
Convert -3573 (base 11) to base 2.
-1001001000110
Convert 113300 (base 4) to base 5.
22040
Convert -3042 (base 5) to base 8.
-615
-111112200 (base 3) to base 11
-7466
45a (base 12) to base 3
212221
What is -8d06 (base 14) in base 12?
-12222
-